{"id":5692,"date":"2025-10-20T21:28:58","date_gmt":"2025-10-20T19:28:58","guid":{"rendered":"https:\/\/cabauhotels.com\/hotel-gloria-de-sant-jaume\/offers\/"},"modified":"2025-12-16T09:54:07","modified_gmt":"2025-12-16T08:54:07","slug":"offers","status":"publish","type":"page","link":"https:\/\/cabauhotels.com\/hotel-gloria-de-sant-jaume\/offers\/","title":{"rendered":"Ofertas"},"content":{"rendered":"\t\t<div data-elementor-type=\"wp-page\" data-elementor-id=\"5692\" class=\"elementor elementor-5692 elementor-4118\" data-elementor-post-type=\"page\">\n\t\t\t\t<div class=\"elementor-element elementor-element-246831c e-con-full e-flex e-con e-parent\" data-id=\"246831c\" data-element_type=\"container\" data-e-type=\"container\" data-settings=\"{&quot;background_background&quot;:&quot;classic&quot;}\">\n\t\t<div class=\"elementor-element elementor-element-4968ab3 e-flex e-con-boxed e-con e-child\" data-id=\"4968ab3\" data-element_type=\"container\" data-e-type=\"container\">\n\t\t\t\t\t<div class=\"e-con-inner\">\n\t\t\t\t\t<\/div>\n\t\t\t\t<\/div>\n\t\t\t\t<\/div>\n\t\t<div class=\"elementor-element elementor-element-db4dd8b elementor-hidden-tablet elementor-hidden-mobile e-flex e-con-boxed e-con e-parent\" data-id=\"db4dd8b\" data-element_type=\"container\" data-e-type=\"container\" data-settings=\"{&quot;background_background&quot;:&quot;classic&quot;}\">\n\t\t\t\t\t<div class=\"e-con-inner\">\n\t\t<div class=\"elementor-element elementor-element-39113b9 e-con-full e-flex e-con e-child\" data-id=\"39113b9\" data-element_type=\"container\" data-e-type=\"container\" data-settings=\"{&quot;background_background&quot;:&quot;classic&quot;}\">\n\t\t\t\t<div class=\"elementor-element elementor-element-de4e887 elementor-widget elementor-widget-heading\" data-id=\"de4e887\" data-element_type=\"widget\" data-e-type=\"widget\" data-widget_type=\"heading.default\">\n\t\t\t\t\t<h2 class=\"elementor-heading-title elementor-size-default\"><a href=\"https:\/\/cabauhotels.com\/hotel-gloria-de-sant-jaume\/en\/home\/\">INICIO \/<\/a><\/h2>\t\t\t\t<\/div>\n\t\t\t\t<div class=\"elementor-element elementor-element-3d9479b elementor-widget elementor-widget-heading\" data-id=\"3d9479b\" data-element_type=\"widget\" data-e-type=\"widget\" data-widget_type=\"heading.default\">\n\t\t\t\t\t<h2 class=\"elementor-heading-title elementor-size-default\"><a href=\"https:\/\/cabauhotels.com\/hotel-gloria-de-sant-jaume\/offers\/\">Ofertas<\/a><\/h2>\t\t\t\t<\/div>\n\t\t\t\t<\/div>\n\t\t\t\t\t<\/div>\n\t\t\t\t<\/div>\n\t\t<div class=\"elementor-element elementor-element-5e552d0 e-flex e-con-boxed e-con e-parent\" data-id=\"5e552d0\" data-element_type=\"container\" data-e-type=\"container\" data-settings=\"{&quot;background_background&quot;:&quot;classic&quot;}\">\n\t\t\t\t\t<div class=\"e-con-inner\">\n\t\t<div class=\"elementor-element elementor-element-c55dec7 e-con-full e-flex e-con e-child\" data-id=\"c55dec7\" data-element_type=\"container\" data-e-type=\"container\">\n\t\t\t\t<div class=\"elementor-element elementor-element-fd4c80c elementor-widget elementor-widget-heading\" data-id=\"fd4c80c\" data-element_type=\"widget\" data-e-type=\"widget\" data-widget_type=\"heading.default\">\n\t\t\t\t\t<h2 class=\"elementor-heading-title elementor-size-default\">Ofertas<\/h2>\t\t\t\t<\/div>\n\t\t\t\t<\/div>\n\t\t<div class=\"elementor-element elementor-element-7b4b8db e-con-full e-grid e-con e-child\" data-id=\"7b4b8db\" data-element_type=\"container\" data-e-type=\"container\">\n\t\t<div class=\"elementor-element elementor-element-e3d99f8 e-con-full e-flex e-con e-child\" data-id=\"e3d99f8\" data-element_type=\"container\" data-e-type=\"container\">\n\t\t\t\t<div class=\"elementor-element elementor-element-fe19a2c elementor-widget elementor-widget-image\" data-id=\"fe19a2c\" data-element_type=\"widget\" data-e-type=\"widget\" data-widget_type=\"image.default\">\n\t\t\t\t\t\t\t\t\t\t\t\t\t\t\t<img fetchpriority=\"high\" decoding=\"async\" width=\"700\" height=\"466\" src=\"https:\/\/cabauhotels.com\/hotel-gloria-de-sant-jaume\/wp-content\/uploads\/sites\/10\/2025\/10\/thumb_2167_700_0_0_0_crop.webp\" class=\"attachment-large size-large wp-image-5232\" alt=\"\" srcset=\"https:\/\/cabauhotels.com\/hotel-gloria-de-sant-jaume\/wp-content\/uploads\/sites\/10\/2025\/10\/thumb_2167_700_0_0_0_crop.webp 700w, https:\/\/cabauhotels.com\/hotel-gloria-de-sant-jaume\/wp-content\/uploads\/sites\/10\/2025\/10\/thumb_2167_700_0_0_0_crop-300x200.webp 300w\" sizes=\"(max-width: 700px) 100vw, 700px\" \/>\t\t\t\t\t\t\t\t\t\t\t\t\t\t\t<\/div>\n\t\t<div class=\"elementor-element elementor-element-6eb44ee e-con-full e-flex e-con e-child\" data-id=\"6eb44ee\" data-element_type=\"container\" data-e-type=\"container\" data-settings=\"{&quot;background_background&quot;:&quot;classic&quot;}\">\n\t\t\t\t<div class=\"elementor-element elementor-element-6224b5e elementor-view-default elementor-widget elementor-widget-icon\" data-id=\"6224b5e\" data-element_type=\"widget\" data-e-type=\"widget\" data-widget_type=\"icon.default\">\n\t\t\t\t\t\t\t<div class=\"elementor-icon-wrapper\">\n\t\t\t<div class=\"elementor-icon\">\n\t\t\t<svg xmlns=\"http:\/\/www.w3.org\/2000\/svg\" xmlns:xlink=\"http:\/\/www.w3.org\/1999\/xlink\" viewBox=\"0 0 22 19\"><path fill=\"#5D4A3C\" fill-rule=\"evenodd\" d=\"M22,6.92314023 C22,3.65179688 19.33997,1 16.0588011,1 C13.9163216,1 12.0453148,2.13442553 10.9998884,3.82985945 C9.95468522,2.13442553 8.08278535,1 5.94036167,1 C2.65919285,1 0,3.65179688 0,6.92314023 C0,8.70415548 0.791646371,10.297426 2.03911451,11.3824948 L10.4576687,19.776142 C10.6015536,19.919371 10.7964513,20 10.9998884,20 C11.2033254,20 11.3982231,19.919371 11.5421081,19.776142 L19.9606622,11.3824948 C21.2083536,10.297426 22,8.70415548 22,6.92314023\" transform=\"translate(0 -1)\"><\/path><\/svg>\t\t\t<\/div>\n\t\t<\/div>\n\t\t\t\t\t\t<\/div>\n\t\t\t\t<div class=\"elementor-element elementor-element-f61976d elementor-widget elementor-widget-heading\" data-id=\"f61976d\" data-element_type=\"widget\" data-e-type=\"widget\" data-widget_type=\"heading.default\">\n\t\t\t\t\t<h2 class=\"elementor-heading-title elementor-size-default\">Ofertas<\/h2>\t\t\t\t<\/div>\n\t\t\t\t<div class=\"elementor-element elementor-element-0c3be18 elementor-widget elementor-widget-heading\" data-id=\"0c3be18\" data-element_type=\"widget\" data-e-type=\"widget\" data-widget_type=\"heading.default\">\n\t\t\t\t\t<h2 class=\"elementor-heading-title elementor-size-default\">Experiencia Rom\u00e1ntica<\/h2>\t\t\t\t<\/div>\n\t\t\t\t<\/div>\n\t\t\t\t<div class=\"elementor-element elementor-element-629adb3 elementor-widget__width-initial elementor-widget elementor-widget-text-editor\" data-id=\"629adb3\" data-element_type=\"widget\" data-e-type=\"widget\" data-widget_type=\"text-editor.default\">\n\t\t\t\t\t\t\t\t\tSorprenda a su pareja con una estancia rom\u00e1ntica e inolvidable con valores a\u00f1adidos muy especiales.\t\t\t\t\t\t\t\t<\/div>\n\t\t\t\t<div class=\"elementor-element elementor-element-bc7483a elementor-align-left elementor-widget elementor-widget-button\" data-id=\"bc7483a\" data-element_type=\"widget\" data-e-type=\"widget\" data-widget_type=\"button.default\">\n\t\t\t\t\t\t\t\t\t\t<a class=\"elementor-button elementor-button-link elementor-size-sm\" href=\"#\">\n\t\t\t\t\t\t<span class=\"elementor-button-content-wrapper\">\n\t\t\t\t\t\t\t\t\t<span class=\"elementor-button-text\">M\u00e1s Informaci\u00f3n<\/span>\n\t\t\t\t\t<\/span>\n\t\t\t\t\t<\/a>\n\t\t\t\t\t\t\t\t<\/div>\n\t\t\t\t<\/div>\n\t\t<div class=\"elementor-element elementor-element-08c02ba e-con-full e-flex e-con e-child\" data-id=\"08c02ba\" data-element_type=\"container\" data-e-type=\"container\">\n\t\t\t\t<div class=\"elementor-element elementor-element-0d8af17 elementor-widget elementor-widget-image\" data-id=\"0d8af17\" data-element_type=\"widget\" data-e-type=\"widget\" data-widget_type=\"image.default\">\n\t\t\t\t\t\t\t\t\t\t\t\t\t\t\t<img decoding=\"async\" width=\"700\" height=\"378\" src=\"https:\/\/cabauhotels.com\/hotel-gloria-de-sant-jaume\/wp-content\/uploads\/sites\/10\/2025\/10\/thumb_2166_700_0_0_0_crop.webp\" class=\"attachment-large size-large wp-image-5256\" alt=\"\" srcset=\"https:\/\/cabauhotels.com\/hotel-gloria-de-sant-jaume\/wp-content\/uploads\/sites\/10\/2025\/10\/thumb_2166_700_0_0_0_crop.webp 700w, https:\/\/cabauhotels.com\/hotel-gloria-de-sant-jaume\/wp-content\/uploads\/sites\/10\/2025\/10\/thumb_2166_700_0_0_0_crop-300x162.webp 300w\" sizes=\"(max-width: 700px) 100vw, 700px\" \/>\t\t\t\t\t\t\t\t\t\t\t\t\t\t\t<\/div>\n\t\t<div class=\"elementor-element elementor-element-8a0c471 e-con-full e-flex e-con e-child\" data-id=\"8a0c471\" data-element_type=\"container\" data-e-type=\"container\" data-settings=\"{&quot;background_background&quot;:&quot;classic&quot;}\">\n\t\t\t\t<div class=\"elementor-element elementor-element-b347426 elementor-view-default elementor-widget elementor-widget-icon\" data-id=\"b347426\" data-element_type=\"widget\" data-e-type=\"widget\" data-widget_type=\"icon.default\">\n\t\t\t\t\t\t\t<div class=\"elementor-icon-wrapper\">\n\t\t\t<div class=\"elementor-icon\">\n\t\t\t<svg xmlns=\"http:\/\/www.w3.org\/2000\/svg\" xmlns:xlink=\"http:\/\/www.w3.org\/1999\/xlink\" viewBox=\"0 0 22 20\"><path fill=\"#5D4A3C\" fill-rule=\"evenodd\" d=\"M1.16331143,10.1784012 L11.0032049,1.6139114 L20.8430984,10.1784012 C20.9571851,10.2931692 21.0997913,10.3505518 21.2709199,10.3505518 C21.4705708,10.3505518 21.6416967,10.2644765 21.7843056,10.0923259 C22.0980432,9.74802208 22.0695209,9.43241641 21.6987413,9.14549791 L11.4310264,0.193669368 C11.1458112,-0.0645564558 10.8605987,-0.0645564558 10.5753835,0.193669368 L6.89611895,3.37845452 L6.89611895,2.08732541 C6.89611895,1.71433163 6.76064261,1.39155073 6.48968993,1.11897995 C6.21873452,0.846406406 5.8978698,0.710121014 5.52709029,0.710121014 C5.15631078,0.710121014 4.83544606,0.846406406 4.56449064,1.11897995 C4.29353796,1.39155073 4.15806163,1.71433163 4.15806163,2.08732541 L4.15806163,5.74552457 L0.307668518,9.14549791 C-0.0631119216,9.43241641 -0.098763235,9.75519731 0.200713154,10.1138434 C0.500189542,10.4724922 0.821052623,10.4940124 1.16331143,10.1784012 Z M8.64285714,13.0909091 L14.1428571,13.0909091 L14.1428571,20 L18.2678571,20 C18.6402539,20 18.9625181,19.8632589 19.2346554,19.5897727 C19.5067899,19.3162866 19.6428571,18.992426 19.6428571,18.6181818 L19.6428571,11.8386364 C19.6428571,11.4068154 19.4709849,11.0469706 19.1272321,10.7590909 L12.2522321,5.10227273 C11.9944196,4.90075665 11.7079631,4.8 11.3928571,4.8 C11.0777511,4.8 10.7912946,4.90075665 10.5334821,5.10227273 L3.65848214,10.7590909 C3.31472939,11.0469706 3.14285714,11.4068154 3.14285714,11.8386364 L3.14285714,18.6181818 C3.14285714,18.992426 3.27892439,19.3162866 3.55105889,19.5897727 C3.82319614,19.8632589 4.14546039,20 4.51785714,20 L8.64285714,20 L8.64285714,13.0909091 Z\"><\/path><\/svg>\t\t\t<\/div>\n\t\t<\/div>\n\t\t\t\t\t\t<\/div>\n\t\t\t\t<div class=\"elementor-element elementor-element-6b8166a elementor-widget elementor-widget-heading\" data-id=\"6b8166a\" data-element_type=\"widget\" data-e-type=\"widget\" data-widget_type=\"heading.default\">\n\t\t\t\t\t<h2 class=\"elementor-heading-title elementor-size-default\">Ofertas<\/h2>\t\t\t\t<\/div>\n\t\t\t\t<div class=\"elementor-element elementor-element-0da281a elementor-widget elementor-widget-heading\" data-id=\"0da281a\" data-element_type=\"widget\" data-e-type=\"widget\" data-widget_type=\"heading.default\">\n\t\t\t\t\t<h2 class=\"elementor-heading-title elementor-size-default\">Su hogar lejos de casa<\/h2>\t\t\t\t<\/div>\n\t\t\t\t<\/div>\n\t\t\t\t<div class=\"elementor-element elementor-element-ebf6351 elementor-widget__width-initial elementor-widget elementor-widget-text-editor\" data-id=\"ebf6351\" data-element_type=\"widget\" data-e-type=\"widget\" data-widget_type=\"text-editor.default\">\n\t\t\t\t\t\t\t\t\tLa filosof\u00eda de Gl\u00f2ria de Sant Jaume es abrirte las puertas como si estuvieras en casa con la mejor hospitalidad y servicios.\t\t\t\t\t\t\t\t<\/div>\n\t\t\t\t<div class=\"elementor-element elementor-element-5426c16 elementor-align-left elementor-widget elementor-widget-button\" data-id=\"5426c16\" data-element_type=\"widget\" data-e-type=\"widget\" data-widget_type=\"button.default\">\n\t\t\t\t\t\t\t\t\t\t<a class=\"elementor-button elementor-button-link elementor-size-sm\" href=\"#\">\n\t\t\t\t\t\t<span class=\"elementor-button-content-wrapper\">\n\t\t\t\t\t\t\t\t\t<span class=\"elementor-button-text\">M\u00e1s Informaci\u00f3n<\/span>\n\t\t\t\t\t<\/span>\n\t\t\t\t\t<\/a>\n\t\t\t\t\t\t\t\t<\/div>\n\t\t\t\t<\/div>\n\t\t<div class=\"elementor-element elementor-element-cb56f4e e-con-full e-flex e-con e-child\" data-id=\"cb56f4e\" data-element_type=\"container\" data-e-type=\"container\">\n\t\t\t\t<div class=\"elementor-element elementor-element-e562bcf elementor-widget elementor-widget-image\" data-id=\"e562bcf\" data-element_type=\"widget\" data-e-type=\"widget\" data-widget_type=\"image.default\">\n\t\t\t\t\t\t\t\t\t\t\t\t\t\t\t<img decoding=\"async\" width=\"700\" height=\"525\" src=\"https:\/\/cabauhotels.com\/hotel-gloria-de-sant-jaume\/wp-content\/uploads\/sites\/10\/2025\/10\/thumb_2168_700_0_0_0_crop.webp\" class=\"attachment-large size-large wp-image-5258\" alt=\"\" srcset=\"https:\/\/cabauhotels.com\/hotel-gloria-de-sant-jaume\/wp-content\/uploads\/sites\/10\/2025\/10\/thumb_2168_700_0_0_0_crop.webp 700w, https:\/\/cabauhotels.com\/hotel-gloria-de-sant-jaume\/wp-content\/uploads\/sites\/10\/2025\/10\/thumb_2168_700_0_0_0_crop-300x225.webp 300w\" sizes=\"(max-width: 700px) 100vw, 700px\" \/>\t\t\t\t\t\t\t\t\t\t\t\t\t\t\t<\/div>\n\t\t<div class=\"elementor-element elementor-element-79841ea e-con-full e-flex e-con e-child\" data-id=\"79841ea\" data-element_type=\"container\" data-e-type=\"container\" data-settings=\"{&quot;background_background&quot;:&quot;classic&quot;}\">\n\t\t\t\t<div class=\"elementor-element elementor-element-1676251 elementor-view-default elementor-widget elementor-widget-icon\" data-id=\"1676251\" data-element_type=\"widget\" data-e-type=\"widget\" data-widget_type=\"icon.default\">\n\t\t\t\t\t\t\t<div class=\"elementor-icon-wrapper\">\n\t\t\t<div class=\"elementor-icon\">\n\t\t\t<svg xmlns=\"http:\/\/www.w3.org\/2000\/svg\" xmlns:xlink=\"http:\/\/www.w3.org\/1999\/xlink\" viewBox=\"0 0 25 25\"><path fill=\"#5D4A3C\" fill-rule=\"evenodd\" d=\"M7.9588357,14.7558997 L12.5123894,19.3937785 L20.868902,10.8825091 L16.3153547,6.24463682 L7.9588357,14.7558997 Z M26.1480199,8.38519476 L24.2215194,6.42301502 C24.0380419,6.52494635 23.8420555,6.60564009 23.6335601,6.66510275 C23.4250615,6.72456215 23.2040604,6.75429348 22.9705407,6.75429348 C22.2533127,6.75429348 21.6445116,6.49521828 21.1441182,5.97706464 C20.6437249,5.45891099 20.393533,4.83458893 20.393533,4.10407888 C20.393533,3.86623476 20.4185509,3.64114103 20.4685899,3.42878137 C20.5186321,3.21642498 20.593689,3.01680918 20.6937671,2.82993399 L18.7672633,0.867757511 C18.5170682,0.612929185 18.2126677,0.485513391 17.8540521,0.485513391 C17.4954396,0.485513391 17.1826966,0.612929185 16.9158229,0.867757511 L2.82983808,15.2400751 C2.57964175,15.4949034 2.45454545,15.8049443 2.45454545,16.1701977 C2.45454545,16.5354543 2.57964175,16.8454919 2.82983808,17.1003203 L4.75634023,19.0625 C4.93981769,18.9605687 5.13580186,18.8841218 5.34429851,18.8331529 C5.55279548,18.7821872 5.77379917,18.756706 6.00731565,18.756706 C6.72454529,18.756706 7.33334639,19.0115311 7.83373976,19.521191 C8.33413313,20.0308509 8.58432501,20.6509261 8.58432501,21.3814378 C8.58432501,21.6192786 8.5593071,21.844375 8.50926809,22.056733 C8.45922587,22.2690907 8.38416894,22.4687042 8.28409091,22.6555794 L10.2105947,24.6177575 C10.4607897,24.8725871 10.7651903,25 11.1238059,25 C11.4824183,25 11.7951614,24.8725871 12.0620351,24.6177575 L26.1480199,10.2709211 C26.398215,10.0160928 26.5233141,9.70180833 26.5233141,9.32805794 C26.5233141,8.95430755 26.398215,8.64002309 26.1480199,8.38519476 Z M12.5123894,21.5088519 L5.8822181,14.7558997 L16.3153547,4.12956009 L22.9455228,10.8825091 L12.5123894,21.5088519 Z\" transform=\"translate(-2)\"><\/path><\/svg>\t\t\t<\/div>\n\t\t<\/div>\n\t\t\t\t\t\t<\/div>\n\t\t\t\t<div class=\"elementor-element elementor-element-9fbc91e elementor-widget elementor-widget-heading\" data-id=\"9fbc91e\" data-element_type=\"widget\" data-e-type=\"widget\" data-widget_type=\"heading.default\">\n\t\t\t\t\t<h2 class=\"elementor-heading-title elementor-size-default\">Voucher<\/h2>\t\t\t\t<\/div>\n\t\t\t\t<div class=\"elementor-element elementor-element-2bbe3b4 elementor-widget elementor-widget-heading\" data-id=\"2bbe3b4\" data-element_type=\"widget\" data-e-type=\"widget\" data-widget_type=\"heading.default\">\n\t\t\t\t\t<h2 class=\"elementor-heading-title elementor-size-default\">Cheque Regalo<\/h2>\t\t\t\t<\/div>\n\t\t\t\t<\/div>\n\t\t\t\t<div class=\"elementor-element elementor-element-c1118ae elementor-widget__width-initial elementor-widget elementor-widget-text-editor\" data-id=\"c1118ae\" data-element_type=\"widget\" data-e-type=\"widget\" data-widget_type=\"text-editor.default\">\n\t\t\t\t\t\t\t\t\tRegale Gl\u00f2ria y seguro que acertar\u00e1\t\t\t\t\t\t\t\t<\/div>\n\t\t\t\t<div class=\"elementor-element elementor-element-969676f elementor-align-left elementor-widget elementor-widget-button\" data-id=\"969676f\" data-element_type=\"widget\" data-e-type=\"widget\" data-widget_type=\"button.default\">\n\t\t\t\t\t\t\t\t\t\t<a class=\"elementor-button elementor-button-link elementor-size-sm\" href=\"#\">\n\t\t\t\t\t\t<span class=\"elementor-button-content-wrapper\">\n\t\t\t\t\t\t\t\t\t<span class=\"elementor-button-text\">M\u00e1s Informaci\u00f3n<\/span>\n\t\t\t\t\t<\/span>\n\t\t\t\t\t<\/a>\n\t\t\t\t\t\t\t\t<\/div>\n\t\t\t\t<\/div>\n\t\t\t\t<\/div>\n\t\t\t\t\t<\/div>\n\t\t\t\t<\/div>\n\t\t\t\t<\/div>\n\t\t","protected":false},"excerpt":{"rendered":"<p>INICIO \/ Ofertas Ofertas Experiencia Rom\u00e1ntica Sorprenda a su pareja con una estancia rom\u00e1ntica e inolvidable con valores a\u00f1adidos muy especiales. M\u00e1s Informaci\u00f3n Ofertas Su hogar lejos de casa La filosof\u00eda de Gl\u00f2ria de Sant Jaume es abrirte las puertas como si estuvieras en casa con la mejor hospitalidad y servicios. M\u00e1s Informaci\u00f3n Voucher Cheque [&hellip;]<\/p>\n","protected":false},"author":1,"featured_media":0,"parent":0,"menu_order":0,"comment_status":"closed","ping_status":"closed","template":"","meta":{"footnotes":""},"class_list":["post-5692","page","type-page","status-publish","hentry"],"_links":{"self":[{"href":"https:\/\/cabauhotels.com\/hotel-gloria-de-sant-jaume\/wp-json\/wp\/v2\/pages\/5692","targetHints":{"allow":["GET"]}}],"collection":[{"href":"https:\/\/cabauhotels.com\/hotel-gloria-de-sant-jaume\/wp-json\/wp\/v2\/pages"}],"about":[{"href":"https:\/\/cabauhotels.com\/hotel-gloria-de-sant-jaume\/wp-json\/wp\/v2\/types\/page"}],"author":[{"embeddable":true,"href":"https:\/\/cabauhotels.com\/hotel-gloria-de-sant-jaume\/wp-json\/wp\/v2\/users\/1"}],"replies":[{"embeddable":true,"href":"https:\/\/cabauhotels.com\/hotel-gloria-de-sant-jaume\/wp-json\/wp\/v2\/comments?post=5692"}],"version-history":[{"count":5,"href":"https:\/\/cabauhotels.com\/hotel-gloria-de-sant-jaume\/wp-json\/wp\/v2\/pages\/5692\/revisions"}],"predecessor-version":[{"id":6652,"href":"https:\/\/cabauhotels.com\/hotel-gloria-de-sant-jaume\/wp-json\/wp\/v2\/pages\/5692\/revisions\/6652"}],"wp:attachment":[{"href":"https:\/\/cabauhotels.com\/hotel-gloria-de-sant-jaume\/wp-json\/wp\/v2\/media?parent=5692"}],"curies":[{"name":"wp","href":"https:\/\/api.w.org\/{rel}","templated":true}]}}